n d is divided by 49.
47
Suppose -5*b = f - 4283, -133*b - 4*f - 3436 = -137*b. What is the remainder when b is divided by 5?
2
Suppose 487 = 6*v + 19. What is the remainder when (-52)/v - (-7)/(-3)*-23 is divided by ((-44)/8)/(1/(-2))?
9
Let c(s) = -s**2 - 16*s - 29. Suppose -2*b + 223 = 67. Let t = 69 - b. Calculate the remainder when c(t) is divided by 12.
10
Let n = -2026 + 2186. Calculate the remainder when n is divided by 17.
7
Suppose 3*x - 3*w + 0*w - 21 = 0, 5*x + w = 23. What is the remainder when (-1877)/(-9) + (2552/198)/29 is divided by x?
4
Suppose 15*s - 85*s + 10010 = 0. What is the remainder when 706 is divided by s?
134
Let x(v) = v**3 - 6*v**2 - 2*v + 5. Let k(w) = -31*w**3 + w**2 + w - 1. Let i be k(-1). Suppose -i = 2*h - 7*h. What is the remainder when x(7) is divided by h?
4
Let s(p) = p**2 + 7*p + 5. Let r be s(-7). Suppose -l - 2*g = -54, -2*l - 56 + 169 = r*g. Suppose 2*y = y + l. What is the remainder when y is divided by 9?
8
Let d be (17/2 + -8)*4. Suppose 4*y - 4*m = 48, y + 4*m - 20 = d. Calculate the remainder when 37 is divided by y.
9
Let k be 54/8 + 2/8 + -22. Let w = 43 + -16. Let d = w + k. What is the remainder when 42 is divided by d?
6
Suppose -3*o + 4*o - 251 = 0. Let v(m) = 39*m - 96. What is the remainder when o is divided by v(3)?
20
Calculate the remainder when 239 is divided by 4 + -19 + (-1725)/(-25).
23
Let k = 5 - -1. Suppose -192*x + 196*x = -v + 28, v - 28 = -3*x. Calculate the remainder when v is divided by k.
4
Let p be (48/(-10))/(76/(-190)). Suppose p*c - 5472 = -6*c. What is the remainder when c is divided by 18?
16
Suppose -4849 = 18*g - 2487 - 2740. Calculate the remainder when 367 is divided by g.
10
Let j(m) = -82*m**2 - 11*m + 11. Let y be j(1). Let l = y + 91. What is the remainder when 106 is divided by l?
7
Let t be 61/7 + 32/112. Let j(s) = s**2 - 4*s - 10. Calculate the remainder when 174 is divided by j(t).
34
Let x = 5978 - 5088. Calculate the remainder when x is divided by 33.
32
Let n(s) = 32*s**3 - 14*s**2 + 30*s - 95. Calculate the remainder when n(6) is divided by 29.
26
Let x = -84 + 83. Let s be -103 + (0 + -1)*x. Let p = s + 104. Calculate the remainder when 5 is divided by p.
1
Let q(j) = 8*j + 415. Let c be 21 + -3 - (-1 + 3). Suppose -t + 2*t = -n + c, 5*n = 0. What is the remainder when q(-46) is divided by t?
15
Let c(q) = 5*q - 43. Suppose -3*y - 65 = 187. Calculate the remainder when c(11) is divided by y/(-18)*6/4.
5
Let f(o) = o**2 - 7*o - 10. Let z(l) = l + 4. Let b be z(8). Let g(s) = 2*s**2 - 8*s + 5. Calculate the remainder when f(b) is divided by g(5).
5
Suppose 0 = -40*r - 125 + 756 + 249. What is the remainder when 3185 is divided by r?
17
Suppose 5*a + 3*i = -2, -9*a + 4*a + 3*i + 22 = 0. Suppose -5*x - 3*z + 525 = -z, 3*x + a*z = 315. What is the remainder when x is divided by 9?
6
Let u = -810 - -1086. Calculate the remainder when 5530 is divided by u.
10
Suppose 9*z = 482 + 238. Suppose 7*n = 165 + z. What is the remainder when n is divided by 19?
16
Suppose -i - 4 = 8. Suppose -5*j = -3*z - 418, -2*j - 4*z + 187 = -27. What is the remainder when j is divided by (-45)/i*(1 - -3)?
14
Suppose -563 + 37 = -4*a + 190. Calculate the remainder when 515 is divided by a.
157
Suppose 3*j = 25 - 10. Let y(t) = t**3 + t**2 - 3*t - t**3 + 3*t**3 + 0 + j. Calculate the remainder when y(2) is divided by 7.
6
Suppose 5*d + 2*c - 17 - 61 = 0, 4*d - 59 = -5*c. Calculate the remainder when 2207 is divided by d.
15
Let c = -56 + 46. Let v be 16/40 - 36/c. Suppose 0 = -6*b + v*b + 52. What is the remainder when 129 is divided by b?
25
Let y = 1238 - 1184. What is the remainder when 212 is divided by y?
50
Suppose 0 = 261*x + 343 - 23833. Let b = -18 - -42. What is the remainder when x is divided by b?
18
Suppose -6 = -2*v - 3*h, -h + 4 - 10 = -2*v. Suppose -v*k = -2*r - 172, 13*k - 15*k + 123 = -3*r. What is the remainder when k is divided by 7?
5
Suppose -4*v = 6*h - 2*h - 16, 3*h - 15 = -2*v. Let s(l) = 2*l**3 - 10*l**2 - 15*l - 11. Calculate the remainder when 479 is divided by s(h).
79
Let s = 2 + -4. Calculate the remainder when (-5 - 2)*-43 + 8/s is divided by 101.
95
Let i(c) = -8*c - 38. Suppose -437*l + 336 = -416*l. What is the remainder when i(-9) is divided by l?
2
Suppose 28*k + 16*k = 266*k - 5106. Let h = -9 - -122. What is the remainder when h is divided by k?
21
Suppose 0 = -n + s + 686 + 1288, -2*s = -3*n + 5919. Calculate the remainder when n is divided by 42.
39
Let m(x) = 19*x**2 - 56*x + 285. Calculate the remainder when m(6) is divided by 31.
13
Suppose -172*i = -74757 - 13479. Calculate the remainder when i is divided by 85.
3
Let g(s) = 4*s**2 + 13*s - 30. Let j be g(-5). Calculate the remainder when 76 is divided by (-4)/16*-148 + j.
34
Suppose -116*i - 12 = -119*i, -5*s = i - 1179. Calculate the remainder when s is divided by 67.
34
Suppose -41*i + 371 = -121. Suppose -i*k + 18*k = 2154. Calculate the remainder when k is divided by 8.
7
Suppose -4*f - f - 20 = -5*h, 4*f + 14 = 3*h. Suppose v = -0*v + 12. Calculate the remainder when (-17 - -18)*-11*h*-1 is divided by v.
10
Let v be (-530)/(-6) - 4 - 2/6. Suppose 7*t = 9*t - v. Calculate the remainder when 249 is divided by t.
39
Suppose -101*t = -57*t - 396. Suppose t = 4*c + 5, -123 = -3*o - 3*c. Calculate the remainder when o is divided by 26.
14
Suppose 58 = -17*i + 262. Suppose 2*v - 40 = i*v. Calculate the remainder when 86 is divided by (-181)/v + 15/(-60).
41
Let t = -25 + -52. Let f = 96 + t. Calculate the remainder when f is divided by 5.
4
Suppose 4*n = -24, -301*y + 298*y + 54 = -3*n. Calculate the remainder when 609 is divided by y.
9
Let a(w) = -69*w**2 - 11*w - 40. Let o be a(-3). Let j = o + 641. What is the remainder when j is divided by 5?
3
Suppose -23 = 2*l - 25. Calculate the remainder when 1/((-3)/(-27)) - 3 is divided by l.
0
Let c be (518/(-35))/(3*3/(-135)). Let y = c + -117. What is the remainder when y is divided by 40?
25
Suppose -4 = -3*p - 4*a + 7, -4*p + 4*a + 24 = 0. Suppose 4*r + s = 1 + 6, 3*s - p = -4*r. Let b = 15 - 8. Calculate the remainder when b is divided by r.
1
Suppose 4 = 1410*q - 1406*q. What is the remainder when 234 is divided by q?
0
Suppose -2*d - 778 = -4*f, 3*f - 2*d - 239 = 342. Let t = 254 - f. Calculate the remainder when 184 is divided by t.
13
What is the remainder when 801 is divided by (-4)/(-14) - (-2 + (-14913)/63)?
84
Let z be ((-52)/(-10))/((-11)/(-330)). Suppose -z = -0*x - 4*x. Calculate the remainder when (1 - 3) + -3 + (6 - -153) is divided by x.
37
Let c = -507 - -513. Calculate the remainder when 62 is divided by (1 + c)/(-10*10/(-300)).
20
Let p be -7 - -2 - (-7 + 7). Let z be ((-5)/(-3))/(p/(-240)). Suppose z = r - 2*j, -2*j = -r - 5*j + 85. Calculate the remainder when r is divided by 28.
26
Suppose -10810 = -30*t + 11960. Suppose t = -28*s + 39*s. Calculate the remainder when s is divided by 8.
5
Suppose 65*w - 76797 = 44*w - 48*w. What is the remainder when w is divided by 331?
120
Suppose 108*s - 79*s - 5916 = 0. What is the remainder when 843 is divided by s?
27
Suppose 0 = r - 2*r + 2*q, -4*q = 5*r - 28. Suppose 0 = f - 3, -r*a + f + 312 = -3*f. Suppose -3 = -5*b + 207. Calculate the remainder when a is divided by b.
39
Let a = 48485 + -48433. Calculate the remainder when 1756 is divided by a.
40
Let p(t) = -4*t + 24. Let f be p(-12). Suppose -5*u = -f - 23. Suppose 0*s - m - 136 = -2*s, 3*m = 6. What is the remainder when s is divided by u?
12
Let z(v) = v**2 - 4*v + 8. Let p be (1 + 6)*2/2. Suppose -577*r - 46 = -579*r - 5*g, -r - g + 14 = 0. Calculate the remainder when z(p) is divided by r.
5
Let o = 181 + -166. Suppose 3*l = 6, -5*l + 65 + 63 = 2*y. What is the remainder when y is divided by o?
14
Suppose 26*b = -12*b + 494. Calculate the remainder when 86 is divided by b.
8
Let t(a) = a**3 - 2*a**2 - 6*a + 25. Let w be t(9). Suppose -13*r + w = -749. Calculate the remainder when r is divided by 25.
24
Let z = -23 - -27. Suppose 2*a - r - 26 = z*r, -3*a + 29 = -5*r. Suppose 123 = a*y + 2*i, -3*y + 71 = -y + 5*i. Calculate the remainder when 83 is divided by y.
40
Calculate the remainder when 1067 is divided by 1*(-10 + 61 + 0 + (-8)/4).
38
Let k(d) = -4*d**3 + 2*d**2 + 3*d + 2. Let p be k(-1). Suppose -9*c + 